+ 13*o - 1 - 15*o. What is the remainder when d(-3) is divided by 8 - (14 - 0) - -14?
6
Suppose 27 = 3*d + 4*u, -3*u + 9 = d - 0*d. Let s(q) = q**3 - 35*q**2 + 30. Let f be s(35). Let t = d + f. What is the remainder when t is divided by 14?
11
Let n(q) = -10*q - 11. Let u be -3 + 1 + (2 - 2). Calculate the remainder when 44 is divided by n(u).
8
Suppose 0 = 7*p + 4 + 10. Calculate the remainder when 11*(6 + 1 + p) is divided by 20.
15
Let a = 1 - -5. Let n = -9 - -16. What is the remainder when n is divided by a?
1
Let w(r) = 3*r - 26 + 21 + 5*r**2 + 2*r**2 - 3*r**2. What is the remainder when 62 is divided by w(2)?
11
Let m(c) = c**2 + 12*c - 20. Let k be m(-16). Suppose 0 = -3*x + k + 22. What is the remainder when x is divided by 12?
10
Suppose -2*k = -2*k - k. Suppose k = -6*p + 145 + 173. Calculate the remainder when p is divided by 12.
5
Let o(x) = 2*x**3 - 3*x**2 + 9*x - 26. Calculate the remainder when o(4) is divided by 1 - (-28 - (-1 + 3)).
28
Let r = 13 + -11. Let h(o) be the first derivative of 3*o**4 - 2*o**3/3 - o**2 + 3*o + 38. What is the remainder when h(r) is divided by 22?
21
Suppose z = 6*z, -f = 5*z - 5. Calculate the remainder when 29 is divided by f.
4
Suppose 39*p - 205 = 34*p. What is the remainder when 69 is divided by p?
28
Suppose -15 = -2*q + 5*d, 2*q - 2*d - 2*d = 14. Let f be (-32)/q + 2/5. What is the remainder when (-4)/(-12) + (-352)/f is divided by 20?
19
Suppose 92 = 2*h - 2*f, h - 29*f + 30*f = 44. What is the remainder when 73 is divided by h?
28
Suppose 142 = 8*a + 6. Let d = -11 + 6. Let i = d - -9. Calculate the remainder when a is divided by i.
1
Suppose d + 2*g - 3*g - 3 = 0, 3*g = 0. Let h = -24 - -28. Suppose -d*p - 3*a = -177, -h*a + 10 = p - 43. Calculate the remainder when p is divided by 21.
19
Let n(u) = 2*u**2 + 10*u + 13. Suppose 0 = 10*s + 39 + 11. Calculate the remainder when 23 is divided by n(s).
10
Let n = 3 - -9. Calculate the remainder when 31 is divided by (-10)/15 - (-140)/n.
9
Let g(y) = 31*y + 200. What is the remainder when 25*2*1/2 is divided by g(-6)?
11
Suppose -6*p - 1710 = -36*p. Calculate the remainder when p is divided by 51.
6
Let q(z) = -z + 7. What is the remainder when 127 is divided by q(-8)?
7
Suppose 0 + 72 = 3*a. Let x(z) = z**3 - z**2 - z - 95. Let b be x(0). Let r = 0 - b. What is the remainder when r is divided by a?
23
Let c(t) = -6*t. Suppose 0 = 4*x - 5*w - 54, -8*x + 4*x - w + 66 = 0. Calculate the remainder when c(-5) is divided by x.
14
Calculate the remainder when (58/29)/(1/(-163)*-2) is divided by 57.
49
Suppose 10 = 2*i, 4*i - 21 = 2*b - 3*b. Suppose 280 - 59 = -17*k. Let j = b - k. What is the remainder when j is divided by 6?
2
Let w(j) = -32*j**3 - j**2 + 2*j - 2. Let s be w(1). Calculate the remainder when -2 - (s + 1 + -1) is divided by 11.
9
Let s(m) = m**2 - 4*m + 27. Let b be s(0). Suppose 2*c - 6*w + w - 16 = 0, 4*w = -3*c + 1. Let p = b + c. Calculate the remainder when 58 is divided by p.
28
Let w = 19 + -25. Let h = 40 - 20. What is the remainder when (0 + 57)*w/(-9) is divided by h?
18
Let a(r) = r + 17. Suppose 0 = -b - 20 + 7. Let m be a(b). Suppose -4*i = 2 - 6, -4*i + 44 = m*u. What is the remainder when 18 is divided by u?
8
Let r(v) = v**3 - 10*v**2 + 46*v - 32. Calculate the remainder when r(8) is divided by 2.
0
Suppose 0 = 4*t + 5*j - 185, 6*j = 4*t + 3*j - 177. Let q(k) = -k**3 - 3*k**2 + 6*k + 4. What is the remainder when t is divided by q(-5)?
21
Suppose -4*k - 11 = -71. Let v be (4 - 2) + -15*23/(-3). Let n = 160 - v. What is the remainder when n is divided by k?
13
Suppose 0*d - h - 17 = -d, 6 = 3*h. What is the remainder when d is divided by ((-20)/14)/(45/(-126))?
3
Calculate the remainder when (-3129)/(-14) - (-18)/12 is divided by 6.
3
Let u(f) = f**2 + 20*f + 180. What is the remainder when u(-26) is divided by 32?
16
Suppose 2*i = 2*y - i - 78, -y + 39 = 4*i. Suppose -4*t = -4*x + 4, -2*x + 2 = 4*t - 0. Calculate the remainder when y is divided by (10/8)/(x/8).
9
Let f(w) = w**2 + 20*w + 301. What is the remainder when f(-21) is divided by 66?
58
Suppose 5*j = 3*s - 16, -6*j + s - 10 = -2*j. Calculate the remainder when 13 is divided by -5 - (8/j - 4).
1
Suppose 2*a - 13*h = -12*h + 33, -55 = -5*a - 3*h. Let z = -26 - -51. What is the remainder when z is divided by a?
11
Suppose 0*l + 24 = 3*l. Suppose 3*p - 2*p = l. Calculate the remainder when p is divided by 4.
0
Suppose -78 = 69*m - 70*m + 3*u, -4*m + 280 = -4*u. Let v = -119 - -257. Calculate the remainder when m is divided by (4/6)/(4/v).
20
Suppose -5*l + 31 + 35 = 2*x, 28 = x + 5*l. Calculate the remainder when 24*4*28/24 is divided by x.
36
Let d(g) = g**3 - 8*g**2 - 21*g - 9. Calculate the remainder when d(11) is divided by 53.
17
Suppose 3*y = -5*f + 102, 0*y = 5*y + 5. What is the remainder when ((-3 + 2)*(-31)/1)/1 is divided by f?
10
Calculate the remainder when 81 is divided by 68 - (-7 + 7)/5.
13
Let n(h) = h**3 + 8*h**2 + h + 6. Let d be n(-8). Let x(u) = -13*u + 8. What is the remainder when x(d) is divided by 9?
7
Let o(f) = -f**3 + 19*f**2 - 8. Let d be o(19). What is the remainder when 38 is divided by 9 + ((-5)/((-20)/d) - -1)?
6
Let i(f) = f**2 - 13*f - 19. Calculate the remainder when 107 is divided by i(15).
8
Let t be ((-10)/3)/(18/(-27)). Suppose 3*k + w = 7*k - 408, t*w = -3*k + 329. What is the remainder when k is divided by 21?
19
Let v(s) = -s + 3. Let x(k) = -8*k - 141. What is the remainder when x(-22) is divided by v(-6)?
8
Suppose a - 5*z = 27, -3 = 2*z + 5. Suppose 266 = a*n - 308. Calculate the remainder when n is divided by 28.
26
Let m = 53 + -33. Suppose -6*w = -w - m. What is the remainder when 22 is divided by w?
2
What is the remainder when 2 is divided by (-7 - (-14 + 6)) + 1?
0
Let k = 2387 - 2322. Calculate the remainder when 320 is divided by k.
60
Let m(o) = 2*o**2 + 2*o - 3. Let k be m(-9). Suppose t = -2*t + k. Calculate the remainder when t is divided by 24.
23
Suppose -2*b = -5*t + 113, 5*b + 125 = 3*t + 2*t. What is the remainder when 206 is divided by t?
17
Let s = 57 + -17. Calculate the remainder when s is divided by 14.
12
Let k(m) = m**3 - 6*m**2 + 10*m - 16. Calculate the remainder when 66 is divided by k(5).
3
Suppose -3*p + 83 = i, 6*p - 11*p - i + 139 = 0. Calculate the remainder when 95 is divided by p.
11
Let v = 196 + -17. Calculate the remainder when v is divided by 61.
57
Let b be 0 - 9*(-18 - -4). Suppose -g + 42 = -2*q, -2*g + 5*q = g - b. What is the remainder when g is divided by 15?
12
Suppose -4*s - 5*q - 46 + 277 = 0, 0 = -3*s - 4*q + 174. Suppose -69 + 15 = -3*u + 3*j, 4*u - 5*j - 75 = 0. What is the remainder when s is divided by u?
9
Calculate the remainder when 779 is divided by ((-120)/(-16))/((5/(-4))/(-1)).
5
Suppose 16*c = 19*c - 2*i - 62, -2*c = i - 53. Calculate the remainder when 95 is divided by c.
23
Suppose 0 = -0*z - 5*z - 270. Let p = 77 + z. What is the remainder when p is divided by 6?
5
Let z = -980 - -995. What is the remainder when 112 is divided by z?
7
Let c(j) = 19*j + 937. Calculate the remainder when 249 is divided by c(-46).
60
What is the remainder when 50 is divided by (-26)/4*140/(-35)?
24
Let x be 5/((0 + 2)/16). Suppose 0 = 41*l - x*l - 14. Calculate the remainder when l is divided by 10.
4
Let x = -539 - -784. What is the remainder when x is divided by 31?
28
Calculate the remainder when (-10)/((28/8)/(-7))*23 is divided by 14.
12
Let i = 114 - 78. Let k = 173 + 5. Calculate the remainder when k is divided by i.
34
Let s(b) = 2*b**3 + b**2 + b + 7. Let a = 12 - 16. Let m = a + 6. What is the remainder when s(0) is divided by m?
1
Let q = -1 - -1. Suppose 0 = 2*z - q*z - 8. Suppose 49 = 5*g - 26. Calculate the remainder when g is divided by z.
3
What is the remainder when 236/10 - 16/(-40) is divided by 10?
4
Let r = 9 - 7. What is the remainder when -3 + (-2 + 1 - -9) is divided by r?
1
Suppose -4*d + 9*d = -120. Let n be 39/12 - (-6)/d. Suppose 3*h = -n*b + 201, -5*b - 57 = -h - b. What is the remainder when h is divided by 22?
21
Suppose 5533 = -7*a + 18*a. What is the remainder when a is divided by 70?
13
Suppose 3*y - 60 + 14 = -2*g, -g = 2*y - 25. What is the remainder when 745 is divided by g?
14
Suppose -5*g + 9 = -2*g. Suppose 0 = 5*m + 5*l - 4*l - 9,